2, 5, 11, 43
What are the prime factors of 3466917?
3, 569, 677
List the prime factors of 1599725.
5, 61, 1049
What are the prime factors of 6996030?
2, 3, 5, 233201
What are the prime factors of 585741?
3, 13, 23, 653
List the prime factors of 2843564.
2, 59, 12049
List the prime factors of 72720.
2, 3, 5, 101
List the prime factors of 8707011.
3, 97, 29921
List the prime factors of 3271.
3271
List the prime factors of 6198053.
6198053
List the prime factors of 390698.
2, 7, 11, 43, 59
What are the prime factors of 797032?
2, 67, 1487
What are the prime factors of 18410281?
23, 800447
List the prime factors of 400554.
2, 3, 7, 11, 17
What are the prime factors of 449302?
2, 7, 67, 479
What are the prime factors of 157380?
2, 3, 5, 43, 61
What are the prime factors of 1807485?
3, 5, 41, 2939
List the prime factors of 2818746.
2, 3, 7, 7457
List the prime factors of 285938.
2, 142969
What are the prime factors of 11584213?
11584213
What are the prime factors of 197872?
2, 83, 149
List the prime factors of 2669156.
2, 7, 95327
List the prime factors of 6264317.
2309, 2713
What are the prime factors of 864226?
2, 11, 163, 241
What are the prime factors of 16267?
16267
List the prime factors of 276854.
2, 138427
List the prime factors of 93003.
3, 29, 1069
What are the prime factors of 5389074?
2, 3, 299393
What are the prime factors of 12378261?
3, 7, 17, 34673
What are the prime factors of 5828093?
17, 31, 11059
List the prime factors of 30254468.
2, 263, 28759
What are the prime factors of 2141622?
2, 3, 7, 23, 739
List the prime factors of 212836.
2, 13, 4093
List the prime factors of 49735.
5, 7, 29
What are the prime factors of 1533749?
7, 113, 277
List the prime factors of 16610705.
5, 3322141
List the prime factors of 533709.
3, 11, 599
What are the prime factors of 314512?
2, 11, 1787
List the prime factors of 4724963.
17, 41, 6779
What are the prime factors of 524894?
2, 19, 727
What are the prime factors of 1616522?
2, 808261
What are the prime factors of 2353118?
2, 29, 1399
List the prime factors of 277262.
2, 157, 883
List the prime factors of 93659.
73, 1283
List the prime factors of 1520284.
2, 380071
List the prime factors of 21190517.
17, 1246501
What are the prime factors of 1134687?
3, 378229
List the prime factors of 1220450.
2, 5, 7, 11, 317
What are the prime factors of 431?
431
List the prime factors of 576879.
3, 31, 6203
List the prime factors of 2465977.
2465977
List the prime factors of 125676.
2, 3, 3491
What are the prime factors of 2079244?
2, 127, 4093
What are the prime factors of 14580448?
2, 19, 23981
What are the prime factors of 1374640?
2, 5, 17183
List the prime factors of 6297117.
3, 139, 15101
What are the prime factors of 2663511?
3, 887837
List the prime factors of 390845.
5, 7, 13, 859
List the prime factors of 2758540.
2, 5, 137927
What are the prime factors of 5963458?
2, 823, 3623
List the prime factors of 19887067.
349, 56983
What are the prime factors of 1084182?
2, 3, 11, 16427
List the prime factors of 705810.
2, 3, 5, 7, 3361
List the prime factors of 652302.
2, 3, 7, 31, 167
List the prime factors of 542550.
2, 3, 5, 3617
What are the prime factors of 3080968?
2, 11, 157, 223
What are the prime factors of 650613?
3, 137, 1583
List the prime factors of 1743481.
103, 16927
What are the prime factors of 23771155?
5, 29, 71, 2309
What are the prime factors of 190991?
31, 61, 101
What are the prime factors of 1277925?
3, 5, 11, 1549
What are the prime factors of 47152?
2, 7, 421
What are the prime factors of 276065?
5, 55213
What are the prime factors of 11585140?
2, 5, 7, 83, 997
List the prime factors of 4225392.
2, 3, 9781
List the prime factors of 416622.
2, 3, 23, 3019
List the prime factors of 106763.
241, 443
What are the prime factors of 280255?
5, 23, 2437
List the prime factors of 21279987.
3, 193, 12251
What are the prime factors of 4258?
2, 2129
What are the prime factors of 192002?
2, 96001
List the prime factors of 488554.
2, 11, 53, 419
What are the prime factors of 320512?
2, 313
List the prime factors of 11737.
11, 97
What are the prime factors of 271249?
11, 24659
What are the prime factors of 4333061?
73, 59357
List the prime factors of 19189721.
19189721
What are the prime factors of 1333903?
43, 67, 463
List the prime factors of 3266446.
2, 1633223
What are the prime factors of 607322?
2, 151, 2011
List the prime factors of 295849.
19, 23, 677
What are the prime factors of 290931?
3, 37, 2621
What are the prime factors of 791835?
3, 5, 11, 4799
List the prime factors of 28867004.
2, 19, 19991
What are the prime factors of 1072910?
2, 5, 31, 3461
What are the prime factors of 2968080?
2, 3, 5, 83, 149
What are the prime factors of 2757977?
31, 43, 2069
What are the prime factors of 2928522?
2, 3, 17, 28711
List the prime factors of 344414.
2, 7, 73, 337
List the prime factors of 6436954.
2, 3218477
What are the prime factors of 194009?
19, 10211
What are the prime factors of 7500308?
2, 1875077
List the prime factors of 8809948.
2, 7, 314641
List the prime factors of 527246.
2, 47, 71, 79
What are the prime factors of 3834616?
2, 479327
List the prime factors of 823612.
2, 19, 10837
What are the prime factors of 1041498?
2, 3, 2143
List the prime factors of 589976.
2, 29, 2543
List the prime factors of 740346.
2, 3, 163, 757
What are the prime factors of 146781?
3, 47, 347
List the prime factors of 1041394.
2, 23, 22639
List the prime factors of 3665068.
2, 11, 31, 2687
What are the prime factors of 2486288?
2, 7, 79, 281
What are the prime factors of 1889955?
3, 5, 41999
List the prime factors of 405928.
2, 50741
List the prime factors of 186539.
167, 1117
List the prime factors of 1481671.
1481671
What are the prime factors of 1011882?
2, 3, 137, 1231
What are the prime factors of 4696557?
3, 1565519
List the prime factors of 11054808.
2, 3, 19, 8081
List the prime factors of 456100.
2, 5, 4561
What are the prime factors of 14364162?
2, 3, 266003
What are the prime factors of 2212407?
3, 67, 1223
What are the prime factors of 1533943?
79, 19417
List the prime factors of 5293089.
3, 588121
What are the prime factors of 455783?
455783
What are the prime factors of 13488409?
11, 449, 2731
What are the prime factors of 1127665?
5, 7, 11, 29, 101
List the prime factors of 486678.
2, 3, 29, 2797
What are the prime factors of 1699573?
41, 41453
What are the prime factors of 10858933?
10858933
List the prime factors of 148865.
5, 19, 1567
List the prime factors of 2174467.
43, 61, 829
What are the prime factors of 465571?
37, 12583
What are the prime factors of 382020?
2, 3, 5, 6367
List the prime factors of 1510914.
2, 3, 419, 601
List the prime factors of 4499609.
1531, 2939
What are the prime factors of 164784?
2, 3, 3433
List the prime factors of 188963.
233, 811
List the prime factors of 4096835.
5, 819367
What are the prime factors of 18690107?
18690107
What are the prime factors of 122168?
2, 15271
List the prime factors of 267942.
2, 3, 44657
List the prime factors of 16360128.
2, 3, 28403
List the prime factors of 5853848.
2, 7, 11, 13, 17, 43
List the prime factors of 152563.
152563
What are the prime factors of 2049251?
43, 47657
List the prime factors of 324598.
2, 17, 9547
What are the prime factors of 150479?
7, 37, 83
List the prime factors of 101602.
2, 37, 1373
List the prime factors of 34847516.
2, 11, 71999
List the prime factors of 445755.
3, 5, 29717
List the prime factors of 22912664.
2, 2864083
What are the prime factors of 29262206?
2, 14631103
What are the prime factors of 15187111?
271, 56041
List the prime factors of 919042.
2, 459521
What are the prime factors of 35183383?
19, 1851757
What are the prime factors of 1763304?
2, 3, 73471
List the prime factors of 3589488.
2, 3, 7, 1187
List the prime factors of 146727.
3, 7, 17, 137
List the prime factors of 55117.
55117
List the prime factors of 1082219.
23, 211, 223
List the prime factors of 13924680.
2, 3, 5, 7, 11, 137
What are the prime factors of 133440?
2, 3, 5, 139
What are the prime factors of 1650215?
5, 7, 47149
List the prime factors of 28919377.
28919377
List the prime factors of 16886781.
3, 1876309
What are the prime factors of 2587469?
41, 223, 283
What are the prime factors of 569667?
3, 7,